value of -12 + 0 + 7 - -7?
2
What is the value of 1 - (-3 + (-5 - (1 - 4)))?
6
Calculate (4 - 11 - -8) + 1.
2
(-2 - 3 - -4) + -12 + 6
-7
Evaluate (4 - -4) + -4 + 0.
4
What is -2 - -3 - (-4 + 4 - -3)?
-2
Evaluate 3 - (9 + -7 + -5).
6
What is the value of 1 - 1 - (2 + (-1 - -2))?
-3
Calculate (23 - 15) + (-3 - 1).
4
10 - 2 - (-49 - -53)
4
Evaluate 18 - (10 + -6 - -6).
8
Evaluate (8 - 12) + (4 - (0 - 1)).
1
What is the value of (-4 - -7) + -5 + 6?
4
Calculate 3 + (-5 - 2 - 1).
-5
What is 0 + 0 + -4 + -48 + 47?
-5
(-12 - -25) + -14 - -2
1
Calculate -2 - (3 - 4) - 0 - 2.
-3
Evaluate 6 + (-3 - 0) + (0 - -1).
4
248 - 246 - (-1 - -1 - 6)
8
Evaluate -16 - ((10 - 8) + -11).
-7
What is the value of 5 + -4 + (-13 - -7)?
-5
What is 7 + -8 - 1 - (-1 - 2)?
1
What is (0 - 1) + 3 + 0 + 1?
3
Calculate -4 + (-5 - (-8 - 3)) - 3.
-1
What is -1 - -6 - (7 - 7)?
5
Calculate (5 + -2 - 8) + (4 - 3).
-4
(1 - -3) + -8 + -1
-5
What is the value of 5 + (0 - (-1 - -6))?
0
Evaluate 4 + 2 - (8 + -6).
4
What is the value of (-5 - -2 - -7) + -3 + 3?
4
11 + (-10 - 0) + (1 - 2)
0
(5 - 3) + (-2 - 0)
0
Evaluate -1 + (0 + 2 - -2).
3
What is 13 - 5 - (7 - 12 - -8)?
5
4 - -1 - (1 - 2 - -1)
5
What is the value of -5 + (-2 + -1 - -6) + 0?
-2
Evaluate (2 - -1) + 1 + (-5 - 0).
-1
Evaluate (4 - -3) + -3 - (-2 - -4).
2
-1 + 1 - (-3 + -5 - -6)
2
2 + (5 - -1 - 8)
0
What is 6 - 2 - (-2 + 6) - 2?
-2
-5 - (-2 - (-5 - (-4 - -1)))
-5
What is the value of 9 + -1 + -6 + -4?
-2
0 - (-6 - (-7 + 4))
3
Evaluate 25 + -25 + -3 + -2.
-5
What is (0 + -1 - (-13 + 10)) + -5?
-3
What is 12 - -4 - 8 - -1?
9
4 + 1 + 1 + -6 + 3
3
1 - -7 - (-22 + 26)
4
What is 23 + -28 - (1 + -13)?
7
Evaluate 1 + (-5 - 3) + 13.
6
1 + 2 + -5 + (-2 - 6)
-10
What is -8 + 1 - -2 - -3?
-2
What is the value of 4 + (4 + -5 - 2 - 3)?
-2
What is the value of (-7 - 5) + 0 + 6?
-6
Evaluate 3 + (4 - (-2 + 7) - 2).
0
What is the value of -2 + 6 - (-47 - -57)?
-6
Evaluate 4 + (-4 - -3) + (-7 - -3).
-1
0 + -9 - (9 - 12 - 0)
-6
Evaluate 4 + -2 + (-7 - -1 - -2).
-2
(-4 - -2) + (-41 - -38)
-5
What is 2 + -4 + 12 + -3?
7
(0 - (1 + -5)) + -4
0
Calculate -8 + 26 + -6 + -10.
2
What is 4 + -5 + 10 + -12?
-3
Evaluate -3 + (-1 - (2 + -3)).
-3
Calculate 9 + 0 - (4 + -8 + 8).
5
Calculate 4 + 5 + -3 - 4.
2
Calculate -5 - (-7 + 3 - 4 - -2).
1
What is the value of (-3 - (5 + -8)) + 7 + -15?
-8
Evaluate 8 + -6 + -7 + 14.
9
Calculate -8 + 4 + (-8 - -8).
-4
What is the value of 154 - 162 - (-6 + 1)?
-3
What is the value of 0 + 0 + 2 - (-3 + 0)?
5
Evaluate -143 - -143 - (0 + -4).
4
What is the value of 6 + (-14 - -11) + 2?
5
Evaluate -2 + (4 - 4) + -1.
-3
Calculate (-3 - -6) + -4 + -7 + 10.
2
Calculate (39 - 33) + (0 - 3) - 0.
3
6 + 1 - (11 + -21 + 16)
1
Evaluate (5 - 8) + 0 + 0.
-3
Calculate 6 + (5 - (5 - 2)) + -4.
4
What is (6 - -1) + -3 - (3 + 1)?
0
Calculate -9 + 6 - (1 + -8).
4
Calculate -12 - (-12 + 3) - (-8 - 0).
5
What is (7 - 12 - -6) + (0 - 4)?
-3
Calculate -2 + -4 - 8 - -19.
5
Calculate 3 - (2 + -1 + -1) - -2.
5
What is the value of 0 + (-2 - 1) + 7 + -7?
-3
What is the value of 2 - (3 + 1 + -3 - 0)?
1
Calculate -1 - (-3 - -1) - (-17 + 15).
3
What is 1 - 9 - (-13 + 7 + 3)?
-5
Evaluate (5 - 2) + (-7 - -4) + -7.
-7
What is -1 - (-6 + 2 + (2 - 2))?
3
Evaluate 2 - (1 - -3) - (2 + -1).
-3
Calculate (1 - (3 + -5)) + (7 - 10).
0
Evaluate 3 - (1 - (-5 - -10)).
7
-5 + (6 - (-2 + 4))
-1
(3 - (-3 - -13 - 6)) + 4
3
1 + 0 + -3 + 0 + 0
-2
What is the value of (2 - (-2 - -3)) + -1?
0
10 + 2 + (-10 - 6)
-4
What is the value of -7 + 0 + (-12 - -20) - 8?
-7
Evaluate 5 + -8 + 4 + 6 + -3.
4
What is the value of -3 + 0 + 2 + -4 + 2?
-3
Calculate 3 - 1 - (8 + 3 + -6).
-3
Calculate (0 - (4 - 5) - 0) + 2.
3
Evaluate (4 - 7) + (7 - (4 - -6)).
-6
What is the value of (-14 - -23 - 12) + (5 - 1)?
1
What is the value of (-4 - 7) + 1 - -16?
6
What is 7 + 1 + -10 + 14 + -18?
-6
Evaluate -7 + (-5 - -6) + 5.
-1
Calculate -2 - (-2 - 1) - (0 + -4).
5
What is 6 - 6 - (-1 - -3)?
-2
Evaluate 5 + -4 + (-3 - (0 + 0)).
-2
What is the value of 3 + (4 - 6) + 1?
2
What is -6 - -14 - (3 + 2) - -1?
4
What is -3 + 0 + 4 + -3?
-2
What is 3 - (-6 + 1 + 11)?
-3
What is 0 - (-18 - -12 - 3)?
9
What is 3 + -2 + 5 + -10?
-4
Evaluate 5 - (-2 - -5) - (0 - -1).
1
What is 2 + 1 + 7 + -5?
5
What is 1 - ((7 + -5 - -3) + 0)?
-4
Calculate -3 + (14 - 4) - 13.
-6
Calculate -6 - ((-6 - -4 - 4) + -5).
5
What is the value of -6 - (-14 - -5 - 2 - 0)?
5
What is (-1 - (1 - -6)) + -178 + 182?
-4
What is the value of 1 - (10 - 4 - 4 - 2)?
1
What is -2 - (4 + -13 + -3) - -1?
11
What is -1 + -2 - (-7 + (9 - 2))?
-3
-6 + (-8 - -37) + -13
10
-4 + 5 - (-2 + 0)
3
Calculate 3 - ((8 - 10) + 1).
4
Evaluate -11 + (2 - 0) + 0 + 3.
-6
What is (-13 - -6 - (-1 - -1)) + 18?
11
Calculate 2 - 0 - (-8 + (10 - 4)).
4
Evaluate 7 + (8 - 15) + -2.
-2
(-10 + 7 - 17) + 11
-9
Calculate 2 - 2 - -6 - 10.
-4
Evaluate -4 - (1 + 1 + -2).
-4
(-2 - (-2 - -1)) + -24 + 25
0
Calculate -3 - (-7 - -2) - 4.
-2
What is (-1 - 3) + -1 + (2 - 0)?
-3
(1 - 6) + (8 - (13 + -12))
2
What is 1 + 1 + 0 + (2 - 1)?
3
What is the value of -1 - 9 - (16 - 19)?
-7
What is 0 - (0 - (-1 + (5 - 2)))?
2
What is -4 - (-7 - (-10 + 9))?
2
Evaluate 3 - 5 - (-2 + (0 - 1)).
1
Evaluate -2 + 2 + 0 - (9 + -7).
-2
What is the value of -1 + (6 - (-6 + 9 + -1))?
3
What is (0 - 9 - -6) + -4 + 0?
-7
Evaluate (4 - (-2 + 4)) + -5 + 2.
-1
Calculate -3 + -3 - -4 - -1.
-1
(0 - (-1 + 0)) + (10 - 7)
4
-11 - (-5 - -2) - (-6 + 6)
-8
What is the value of 8 - 12 - 2 - (-3 + -2)?
-1
What is the value of (5 - (3 + -1)) + -4?
-1
(4 - 4) + 1 + 2 + 1
4
What is the value of -1 + 3 - 1 - 5 - 3?
-7
Evaluate 55 - 53 - (2 + -2 - 1).
3
What is the value of -4 - (-6 + 1 + 7)?
-6
79 - 82 - (0 - 3 - -1)
-1
What is -6 - ((-4 - 1) + 1)?
-2
What is the value of 1 + 0 - (-15 + 14)?
2
What is (-1 - -4 - (0 - 2)) + -5?
0
Calculate -5 + -1 - (2 + -1) - -2.
-5
What is the value of 15 + -16 + 2 + (0 - 0)?
1
What is the value of -1 - (0 - (3 + 0)) - 2?
0
Evaluate 10 + -4 + 3 + -3 + -2.
4
What is the value of -4 + (-8 - -10) + (0 - 0)?
-2
What is the value of (-10 - -8) + (-2 - -6)?
2
(-17 - -13) + (-2 - 1)
-7
2 + -12 + (3 - -9)
2
Calculate 5 + (0 - -10 - 8).
7
Calculate -3 + -3 + 8 + 3.
5
-5 + -5 + 3 + 0 + 3
-4
What is -7 - (-3 + 1) - -2?
-3
0 + 2 - (-2 - (-1 - 2))
1
-2 - (-9 + 2) - (3 + -2)
4
Evaluate -11 - (9 + 2 - 12).
-10
Calculate 6 + -5 + 2 + -2.
1
Evaluate (1 - 1) + 10 + -9 + 0.
1
What is the value of 10 - (3 + (-2 - -4))?
5
(3 - 7) + -3 + 2 - -1
-4
What is 4 + 2 + 60 + -63?
3
What is 8 - (6 - -1) - (-6 + 5)?
2
Calculate 11 + -4 + (2 - (2 - -2)).
5
What is 5 - (2 - (-1 - 0))?
2
Evaluate (-7 + 6 - 4) + 2 + 0.
-3
-4 + (10 - -3 - (5 + -1))
5
What is 2 + -5 + (-3 - -11)?
5
What is the value of 7 - (-2 - (-19 - -4))?
-6
What is -106 + 110 - (-1 + 4)?
1
What is the value of -7 + (-1 + -1 + -3 - -7)?
-5
Calculate 3 + (-6 - (-9 - -6)).
0
What is 5 + (-5 - -1) + (0 - 1)?
0
What is the value of 2 + 10 + (-4 - 4)?
4
Calculate -2 - (-11 + 6) - -1.
4
What is the value of -12 + (17 + -7 - -11)?
9
-19 - -23 - (0 - -6)
-2
Calculate 2 + 2 + (0 - 0).
4
What is the value of 1 + -1 + 1 + -1 + 3?
3
Calculate 6 - 5 - (-1 - 1).
3
Calculate 0 + -2 + -2 + 14 + -11.
-1
Evaluate 6 + (-8 - (9 - 12)).
1
Evaluate -12 + 14 + (2 - 8).
-4
7 + 3 + (3 - 9)
4
Calculate 7 - (7 + -9 + 2).
7
(3 - -3) + -4 + 2
4
-2 + 4 - (-4 - -3)
3
Calculate 0 - (1 + (4 - 1) + 0).
-4
What is the value of (7 + 1 - 10) + 2?
0
Calculate (26 - 25) + (-3 - -4) + 3.
5
What is the value of -2 + 6 + (-3 - -4) + -4?
1
Evaluate 4 - 7 - (3 - (-7 + 12)).
-1
What is -4 + 0 + 3 + 2?
1
What is (10 - 10) + (1 - -1)?
2
What is -3 + 1 + 0 - (8 + -5)?
-5
Evaluate -1 - 4 - (-2 + -4).
1
-10 + 16 + -1 + (-1 - -2)
6
4 - (1 - 2 - -3)
2
What is the value of 3 - (3 - (1 - (-4 + 3)))?
2
What is the value of (-1 + 5 - 2) + -69 + 74?
7
What is -1 + 3 + -6 + 5 + 1?
2
What is 0 + (5 - 16 - -19)?
8
Calculate 2 + -1 - -3 - (-53 - -61).
-4
What is the value of (-1 - -2 - 0) + -6?
-5
Calculate 3 - (-2 + 0) - 3.
2
Calculate 2 - 2 - (6 + (-1 - 8)).
3
1 - -1 - (4 + (-3 - 1))
2
What is -5 + 1 - (-14 - -10)?
0
What is the value of (0 - -1 - 6) + 4 + -4?
-5
What is the value of -7 + (11 - 3 - 0)?
1
What is the value of -3 - (3 + (-4 - (4 + -3)))?
-1
What is the value of (-3 - ((-1 - 4) + 3)) + 7?
6
Calculate 5 - 